)/(o/35). Let j(a) = -a - 7. Determine j(y).
-1
Let t(s) = -4*s**3 - 3*s**2 + 8*s + 5. Let u(j) be the first derivative of j**4/4 + j**3/3 - j**2/2 + 47. Let g(v) = t(v) + 5*u(v). What is g(-2)?
-1
Let g(b) = -4*b**3 - 7*b**2 - 11*b - 4. Let m(u) = u**3 + u - 1. Let h(o) = -g(o) - 3*m(o). Let x be ((-6)/(-21))/((350/(-105))/(-5) - 20/28). What is h(x)?
-5
Let w(n) = n**2 - n + 3. Let h(p) = 10*p**2 - 2*p + 14. Let k(y) = h(y) - 5*w(y). What is k(1)?
7
Let k be ((-518)/111)/((-4)/6). Let b(h) = -h**3 + 7*h**2 + 2*h - 10. Determine b(k).
4
Let u = 2500 - 2511. Let s(y) = -y**3 - 10*y**2 + 14*y + 10. Determine s(u).
-23
Let b(x) = -1005 + 2*x**3 + 1002 + 41*x + 42*x - 72*x + 3*x**2. Calculate b(-3).
-63
Let u(p) = 20*p**3 + 76*p**2 - 159*p - 17. Let i(q) = 7*q**3 + 26*q**2 - 55*q - 5. Let w(o) = -17*i(o) + 6*u(o). Calculate w(-15).
43
Suppose 146*t - 23 = 151*t - 2*z, -5*t = -z + 24. Let n(o) = o**2 + 6*o - 2. Determine n(t).
-7
Let t(s) be the third derivative of 11*s**4/24 - s**3/2 - 15778*s**2. Let l be -2 - -2 - (-1 + -1). Determine t(l).
19
Suppose 4*w + 526 - 506 = 0. Let p(i) = -i - 7. Let s be p(-8). Let k(m) = m**2 + m - 1. Let y(l) = -3*l + 2. Let a(d) = s*k(d) - y(d). Give a(w).
2
Let h(l) = -l**3 + 3*l**3 + 0*l + 20917*l**2 + 1 - 2*l - 20916*l**2. Calculate h(3).
58
Let o(t) = -t**3 + 11*t**2 - 11*t - 6. Let w = 481 + -441. Suppose -159*n = -163*n + w. Calculate o(n).
-16
Let x(p) = -7*p - 3. Suppose -6*b + 10*b + u = 19, -2*u = 10. Determine x(b).
-45
Let x = 1061 - 1061. Let w(t) = -t + 11. Let p(n) = -3 + 3 - 1. Let s(h) = 5*p(h) + w(h). Give s(x).
6
Let x(r) = 4*r + 73. Let g be x(-20). Let q(m) = -m**2 - 8*m. Give q(g).
7
Let n(a) = a - 8. Let o be 192/(-864) - -1*(-101)/(-9). What is n(o)?
3
Let i(n) = -7*n + 0*n + 2 + 2 + 9*n. Suppose 7*b - 2*l - 150 = 2*b, 0 = 2*l. Suppose -3*m + 3*p - b = 0, -p = 5*m - 2*p + 34. What is i(m)?
-8
Suppose 0*j - 2*z - 8 = -5*j, -3*j + z = -5. Let a(l) = -51*l - 14. Let v be a(-2). Let c(t) = t - t**j + 90 + 5*t - v. Calculate c(5).
7
Let l(m) be the second derivative of 3*m**5/5 + m**4/12 + 103*m. Suppose 15 - 20 = -5*i. Calculate l(i).
13
Let d(o) be the second derivative of -o**5/30 + 5*o**4/24 - o**3/2 - o**2 + 3*o + 5. Let x(i) be the second derivative of d(i). Calculate x(-5).
25
Let m(l) be the second derivative of l**3/6 - 31*l. Let y(b) = b**2. Let z(v) = -2*m(v) - y(v). Suppose -4*h - 10 + 2 = 0. Determine z(h).
0
Let g(k) = -k**2 - k - 4. Let p(i) = i**3 + 6*i + 10. Let f be p(-4). Let o = 84 + f. Suppose -l + 2*y - 18 = -3*y, l - y = -o. What is g(l)?
-10
Suppose 612 = 5*w + w. Let p(z) = -w + z**3 + 111 - 6*z**2 - 4*z - 7*z - 3*z**2. Give p(10).
-1
Let f be 52/(-6) + 6/9. Let u(z) be the first derivative of -z**3/3 - 7*z**2/2 - 11*z - 11825. Give u(f).
-19
Let k(i) = -i**2 + i + 27. Let o = -672 + 677. Let b be k(o). Let y(s) = -s**2 + 4*s + 5. Let q(v) = v**2 - 4*v - 5. Let a(w) = 2*q(w) + 3*y(w). Determine a(b).
-16
Let v(l) = -33*l**2 + 3*l + 34*l**2 - 86 + 5*l - 7*l - 26*l. Calculate v(28).
-2
Let k(c) be the third derivative of c**6/120 + c**5/12 + c**3/2 + 15*c**2. Suppose -1 = 2*m + 3*l, 10 = -m + 5*l - 10. Calculate k(m).
3
Let a be (153/(-27) - -3)/(8/12). Let p(d) = -2*d**2 - 6*d + 15. Determine p(a).
7
Let v(m) = 20792 - 11*m**3 - 20792 + m. Give v(-1).
10
Let f(s) = -s + 15. Let x(n) = 119*n - 3343. Let c be x(28). Give f(c).
26
Suppose 62*c - 53*c = 45. Let x(p) = 20 + 2*p - 14 - c*p. Calculate x(-9).
33
Suppose -82 - 136 = 2*s. Suppose 197 = -5*r - 378. Let l = r - s. Let z(o) = -2*o - 9. Determine z(l).
3
Let w(n) be the third derivative of -n**6/120 + n**5/6 + 7*n**4/12 + n**3 - 98*n**2 - n - 2. Give w(11).
39
Let w(g) = -193*g + 2332. Let y be w(12). Let o(m) = m**2 - 18*m - 32. Determine o(y).
-64
Let s(f) = -f**2 + f. Let o(l) = -16*l**2 + 47*l + 4. Suppose -5*d + 29 = 3*k, 5*k - 5*d + 1 = -4. Let u be o(k). Determine s(u).
0
Let a(f) = f**3 - 11*f**2 - 10*f - 21. Suppose -5*n - 5*j + 55 = -6*j, -5*n + 45 = -3*j. Determine a(n).
3
Let t(x) = 35*x**2 + 35*x - 16 + 74 + x**3 - 9 - 17 - 10. Determine t(-34).
-12
Let k(z) = 22*z**2 - 11*z + 2. Let c(n) be the third derivative of -7*n**5/12 + 17*n**4/24 - 2*n**3/3 + 11*n**2 - 2*n. Let j(i) = 5*c(i) + 8*k(i). Give j(6).
14
Let g(q) be the third derivative of 0*q - 5/24*q**4 + 0 - 107*q**2 - 1/6*q**3. Give g(-4).
19
Let b = -403 + 506. Suppose 111 - b = -2*x. Let l(s) = -3*s**2 - 6*s - 6. Determine l(x).
-30
Let s be 2/(-4)*(12 - 14). Let w(h) be the second derivative of h**5/2 + h**4/12 - h**3/6 + h**2/2 - 172*h. Calculate w(s).
11
Let k = 153112 - 153106. Let d(t) be the second derivative of t**3/2 - 13*t**2/2 - t. Give d(k).
5
Let a(o) = -o - 14*o**2 + 1147 - 2169 + 1033 + o**3. Suppose 42 = 3*z + 3*q, -2*z + q + 24 = -4. What is a(z)?
-3
Suppose -2*v = -3*g + 3, 2 = 8*v - 9*v + g. Let p(f) = 31*f + 2. What is p(v)?
-91
Let v = 28 - 33. Let g(u) be the first derivative of u**2/2 + 6*u - 5538. Give g(v).
1
Let q(r) = 2*r**2 + 46*r - 43. Let d be q(-24). Let z(n) = -n**3 + 5*n**2 + 2*n - 17. Determine z(d).
-7
Let y(l) = l**3 + 17*l**2 + 16*l + 8. Suppose 123*t + 80 = 118*t. Determine y(t).
8
Suppose -z + 2 = -2*z. Let g be 6*(10/4 + z). Let k(i) = 9*i**3 - i**2 + 100*i + 17. Let s(c) = c**3 + 13*c + 2. Let f(m) = k(m) - 8*s(m). Determine f(g).
7
Let z(n) = 6*n + 1. Suppose 5 = v, -2*l - 10 = l - 5*v. Let w be 8*l/(-5)*1. Let y = w + 7. What is z(y)?
-5
Suppose 0 = -7*l + 21 + 77. Let q(r) = -r**2 + 15*r - 12. Let h be q(l). Let v(c) = 6 - c**h - 2 - 12*c + 13*c + 0. Give v(0).
4
Let z(d) be the second derivative of d**6/720 - d**5/15 - d**4/6 + 32*d**2 + 44*d + 1. Let c(b) be the third derivative of z(b). Determine c(4).
-4
Let s(p) = 85 + 968*p**2 - 325*p**2 - 324*p**2 - 320*p**2. Give s(0).
85
Let t(f) = -4*f**2 - 29*f + 22. Let k(o) = o**3 - 2*o**2 - 2*o + 2. Let q be k(3). Let g(c) = 3*c**2 + 28*c - 21. Let m(z) = q*g(z) + 4*t(z). Calculate m(23).
6
Let q(u) = u**2 + 2*u. Let a(r) = -5*r - 37. Let f(v) = 9*v - 27. Let d be f(5). Suppose 0 = -d*b + 32 - 158. Let w be a(b). Give q(w).
0
Let b(g) = -19*g - 12. Let o(h) = -23*h - 12. Let l(d) = -6*b(d) + 5*o(d). Calculate l(10).
2
Let l(g) be the first derivative of -g**3/3 + 7*g**2/2 - 8088. Calculate l(-3).
-30
Let t(a) be the third derivative of 203*a**2 - a**3 + 0 - 1/6*a**4 + 0*a. Determine t(-2).
2
Let d(u) = 5*u - 7. Let z be 168/27 + (-2)/9. Suppose z*y - 389 = -419. What is d(y)?
-32
Suppose -9*a = 5*a - 35157 + 36403. Let w(r) = 16*r - 4. Let f be w(6). Let z = f + a. Let x(s) = -s - 2. Calculate x(z).
-5
Let s = -5631 + 5639. Let z(m) be the first derivative of -m**3/3 + 7*m**2/2 + 15*m - 2. Determine z(s).
7
Let q(d) be the third derivative of -d**7/1260 - 3*d**5/4 - 2*d**2 - 47*d. Let v(k) be the third derivative of q(k). Calculate v(-3).
12
Let g(b) = 2*b**2 + 47*b - 21. Let f be g(-24). Let r(v) = 80*v**2 + 2*v - 74*v**2 + v**f + 4 + v - v. Calculate r(-6).
-8
Let d(c) = -c. Let s be 14 + -15 + 10/2. Let o(r) = r - 3. Let u be o(3). Suppose 5*p - 16 = -2*y, 0 = -s*y - 4*p - u + 8. Calculate d(y).
2
Suppose 5*t - 233 + 250 = -2*o, 15 = t + 5*o. Let b(n) be the second derivative of -n**5/20 - 5*n**4/12 + n**3 + 7*n**2/2 - 5*n. Determine b(t).
-23
Suppose -14 + 218 = 34*g. Let y(n) = n**3 - n**2 - 16*n + 8. Determine y(g).
92
Let l(u) = -u**3 + 20*u**2 - u + 11. Let f be -13 + 0 + (111 - 78). Give l(f).
-9
Let c(y) = y**2 + 5*y - 5. Let m(u) = -63*u + 315. Let q be m(5). Determine c(q).
-5
Let j = -318 - -334. Let v(m) = -j*m**2 + m**3 + 2*m - 1 - m + 12*m**2 - 2. Calculate v(3).
-9
Suppose -192 = 4*l - 13*l - 23*l. Let t(d) = 4*d - 16. Determine t(l).
8
Let s(g) = 14*g - 3. Let n(i) = 4*i - 1. Suppose -10 = x - 4*u, 23 = 4*x - u + 63. Let w(z) = x*n(z) + 3*s(z). What is w(9)?
19
Let n(z) = z - 1. Let j(x) = 161*x**2 + x + 2 - 321*x**2 + 159*x**2. Let c(v) = j(v) - 5*n(v). Determine c(-5).
2
Let t(d) be the second derivative of -d**5/30 + d**4/12 + d**3/2 - 10*d**2 + 9*d - 2. Let u(y) be the first derivative of t(y). Give u(3).
-9
Let r(t) = -3*t**2 + 19*t + 2. Let g be r(4). Let y(w) = w**3 - 29*w**2 - 31*w + 22. Give y(g).
-8
Let p(z) = -z + 9. Let f(x) = x**3 - 6*x**2 + 5*x - 30. Let i be f(6). Let w(y) = -y**3 - 4*y**2. Let u be w(i). What is p(u)?
